n factor of 7988016 and 144?
48
What is the greatest common divisor of 108197 and 514?
257
Calculate the highest common divisor of 604950 and 950.
50
Calculate the highest common divisor of 3196 and 2023.
17
Calculate the greatest common factor of 3174 and 258.
6
What is the greatest common factor of 548985 and 15?
15
Calculate the greatest common divisor of 109442 and 2.
2
Calculate the highest common factor of 7682612 and 1862.
1862
Calculate the greatest common divisor of 276860 and 508.
508
What is the highest common divisor of 895399 and 123?
41
What is the greatest common divisor of 5969 and 940?
47
What is the greatest common divisor of 34 and 14331?
17
What is the greatest common divisor of 3363 and 323?
19
What is the greatest common factor of 18864 and 828?
36
What is the highest common divisor of 34391 and 595?
119
What is the greatest common factor of 79744 and 56693?
623
Calculate the greatest common factor of 2599 and 3.
1
Calculate the greatest common factor of 388842 and 458.
458
Calculate the greatest common divisor of 572817 and 63.
21
What is the highest common factor of 49321 and 93?
31
What is the greatest common divisor of 47781 and 225?
9
What is the highest common divisor of 15460 and 50?
10
What is the highest common divisor of 493921 and 453?
151
Calculate the highest common factor of 3855 and 1095.
15
What is the highest common factor of 9 and 9764?
1
What is the highest common divisor of 1169 and 1701?
7
Calculate the greatest common factor of 203 and 53273.
29
What is the greatest common factor of 5360 and 612112?
1072
Calculate the greatest common divisor of 490 and 49294.
98
What is the greatest common divisor of 791430 and 3720?
930
What is the greatest common factor of 6 and 95426?
2
Calculate the greatest common divisor of 4480 and 5880.
280
Calculate the greatest common factor of 474 and 163293.
237
Calculate the greatest common divisor of 156312 and 624.
312
What is the highest common factor of 102 and 175678?
34
Calculate the highest common divisor of 342156 and 6.
6
Calculate the greatest common divisor of 48565 and 110.
55
What is the greatest common factor of 33005 and 37030?
805
Calculate the highest common divisor of 1 and 34281.
1
Calculate the highest common factor of 119166 and 6.
6
What is the highest common divisor of 924 and 31548?
132
What is the greatest common factor of 162675 and 2700?
675
Calculate the highest common factor of 2745 and 17910.
45
What is the greatest common divisor of 2006 and 153?
17
What is the highest common factor of 12275361 and 321?
321
Calculate the highest common divisor of 594 and 42.
6
Calculate the greatest common divisor of 5336 and 62376.
184
Calculate the greatest common factor of 424540 and 470.
10
What is the highest common divisor of 91482 and 474?
474
What is the greatest common divisor of 21020 and 12?
4
Calculate the greatest common factor of 115 and 5115430.
115
Calculate the highest common divisor of 829360 and 80.
80
Calculate the highest common factor of 15785 and 223860.
1435
Calculate the highest common divisor of 592 and 153772.
148
What is the highest common divisor of 709268 and 584?
292
What is the greatest common factor of 45171 and 371?
7
What is the greatest common divisor of 5203 and 74691?
43
What is the highest common divisor of 162 and 1041?
3
Calculate the greatest common divisor of 323978 and 253.
23
What is the greatest common divisor of 353696 and 6?
2
Calculate the highest common factor of 119912 and 5765.
1153
What is the highest common divisor of 896 and 122864?
112
Calculate the greatest common factor of 1155 and 60445.
385
Calculate the highest common factor of 53661 and 465.
93
Calculate the greatest common factor of 60 and 9440.
20
What is the highest common factor of 46 and 4666?
2
Calculate the greatest common divisor of 3422 and 42480.
118
Calculate the greatest common factor of 74505 and 15.
15
What is the greatest common factor of 703 and 83923?
19
What is the highest common divisor of 4529 and 423785?
647
What is the highest common factor of 9162 and 342?
18
Calculate the highest common factor of 3342 and 18.
6
What is the highest common factor of 284535 and 45?
45
Calculate the highest common factor of 1254 and 323114.
418
Calculate the greatest common factor of 65852 and 18908.
652
What is the greatest common divisor of 1989343 and 1174?
587
What is the highest common divisor of 27 and 3984?
3
What is the highest common factor of 30336 and 135564?
948
What is the highest common factor of 15311 and 1004?
251
What is the highest common divisor of 15120 and 324540?
540
Calculate the greatest common divisor of 151511 and 635.
127
What is the greatest common divisor of 114 and 329289?
57
Calculate the highest common divisor of 1506217 and 2091.
697
Calculate the highest common factor of 544 and 75548.
68
Calculate the greatest common divisor of 48 and 536694.
6
What is the greatest common factor of 981087 and 51?
51
What is the greatest common factor of 3400 and 32402?
34
Calculate the greatest common divisor of 308 and 5516.
28
What is the greatest common factor of 3672 and 658818?
306
Calculate the highest common divisor of 342 and 909378.
342
What is the highest common divisor of 966710 and 20?
10
What is the highest common factor of 958080 and 192?
192
What is the highest common divisor of 935 and 463930?
85
Calculate the greatest common divisor of 625 and 236825.
25
What is the highest common factor of 900 and 22716?
36
What is the greatest common factor of 2074 and 67286?
34
Calculate the greatest common divisor of 11480 and 51209.
41
Calculate the highest common divisor of 208361 and 139.
139
What is the highest common factor of 338147 and 17?
17
What is the highest common factor of 19 and 423529?
19
What is the highest common divisor of 24275 and 625?
25
What is the highest common divisor of 1042 and 306869?
521
Calculate the greatest common divisor of 656 and 61213.
41
What is the greatest common factor of 1 and 3299?
1
Calculate the greatest common factor of 122848 and 66.
22
What is the highest common factor of 200507 and 671?
61
What is the highest common divisor of 10988 and 345220?
164
What is the highest common factor of 1590 and 3332004?
318
What is the highest common divisor of 5607 and 27234?
801
Calculate the highest common divisor of 407964 and 156.
12
Calculate the greatest common divisor of 105426 and 18.
18
What is the greatest common factor of 4028 and 2438?
106
Calculate the greatest common divisor of 712 and 84372.
356
Calculate the greatest common factor of 4503 and 38361.
57
Calculate the greatest common divisor of 3415009 and 13.
13
Calculate the greatest common divisor of 1229393 and 803.
803
Calculate the greatest common factor of 202474 and 201.
67
What is the highest common divisor of 3979 and 1012?
23
What is the highest common factor of 1098768 and 396?
132
What is the highest common divisor of 1388 and 5?
1
What is the greatest common factor of 398946 and 6?
6
Calculate the greatest common factor of 382172 and 1428.
28
What is the highest common factor of 110 and 106315?
55
What is the highest common divisor of 4240 and 97944?
424
What is the greatest common factor of 21371 and 2107?
301
Calculate the greatest common divisor of 19201 and 22477.
91
What is the greatest common factor of 48 and 12213?
3
What is the greatest common factor of 338160 and 240?
240
Calculate the highest common factor of 9231 and 2193.
51
What is the greatest common factor of 19 and 1079675?
19
Calculate the highest common divisor of 197 and 545690.
197
Calculate the greatest common divisor of 1081510 and 2370.
790
What is the greatest common divisor of 381158 and 10?
2
Calculate the highest common divisor of 4125 and 20575.
25
Calculate the greatest common divisor of 471348 and 216.
36
What is the greatest common factor of 501245 and 85?
85
Calculate the highest common divisor of 40158 and 276.
138
What is the greatest common divisor of 18560 and 3280?
80
What is the highest common divisor of 1350345 and 15?
15
Calculate the greatest common divisor of 824 and 88.
8
Calculate the greatest common divisor of 66708 and 6273.
153
Calculate the highest common divisor of 200 and 679800.
200
What is the highest common